, 2*v - 4*f = 4. Is 7 a factor of v?
False
Let s = -2 + 6. Suppose 3*t - s*t = -15. Is t a multiple of 4?
False
Is 6 a factor of 373 + 100/10 - -1?
True
Let r(a) = -3*a + 32. Let n be r(9). Suppose -231 = -n*o - 3*q, 0 = 3*o - 5*q - 195 + 36. Is o a multiple of 8?
True
Let u(d) be the second derivative of d + 4*d**2 - 2/3*d**3 + 0. Is u(-5) a multiple of 14?
True
Let y = 666 - 89. Is y a multiple of 30?
False
Let k(u) = 2*u + 3. Let t(z) = 3*z + 3. Let c(l) = 4*k(l) - 3*t(l). Let i be c(-2). Suppose 5*d - 160 = 4*m, -3*m = 5*d - i*m - 170. Is d a multiple of 25?
False
Let i(o) = o**2 - 4*o - 2. Let d be i(5). Let p(q) be the third derivative of q**5/12 - q**4/8 + 2*q**3/3 - 8*q**2. Does 10 divide p(d)?
True
Does 3 divide 1475890/1950 - (-2)/15?
False
Let f(d) = d**2 + 3*d - 3. Suppose -6*r = -r - 10. Let v be f(r). Suppose 3*k + 150 = v*k + 3*z, -3*z = -3*k + 102. Is k a multiple of 9?
True
Let k = -856 + 936. Is 5 a factor of k?
True
Let d(m) = -1225*m**3 - m**2 - 4*m - 3. Is 81 a factor of d(-1)?
False
Let k be 620/(-60)*(1 - 97)/2. Suppose -5*r + 592 = -i - i, -4*i + k = 4*r. Is 24 a factor of r?
True
Suppose 6*q - 4095 = -3*q. Is 53 a factor of q?
False
Let g(s) = -400*s**3 - 4*s**2 + 2. Is 14 a factor of g(-1)?
False
Let a be (6/(-8))/((-6)/48). Let b(x) be the second derivative of x**4/12 + x**3/6 + x**2 + 4*x. Is 44 a factor of b(a)?
True
Suppose 0*o + 3*o + 66 = 0. Let d(y) = -4*y - 12. Let b be d(-10). Let m = o + b. Is 3 a factor of m?
True
Let s(o) be the third derivative of o**5/60 - 3*o**4/8 + 7*o**3/2 - 4*o**2. Let k be s(6). Suppose k*x + 96 = 9*x. Does 4 divide x?
True
Suppose -3*v + 1 = 1. Let q be (-10)/(-4) - (-3)/(-6). Suppose v = -t + 5*z + 34, 3*t + q*z = 4*z + 76. Is 12 a factor of t?
True
Suppose 0 = 3*b - 17 + 107. Let r be (-2)/5 + 1668/b. Let v = 133 + r. Is 26 a factor of v?
False
Suppose -2*x + 405 = -9. Let z = x - 67. Is z a multiple of 20?
True
Suppose 0*v + 1048 = 2*v. Is v a multiple of 36?
False
Let t(g) = -220*g - 13. Let j be t(-1). Suppose 3*n - 120 = -3*v, 0 = -5*n + 3*v - v + j. Is 4 a factor of n?
False
Suppose 5*s - 1 = 9. Suppose 4*d = 2*d - s. Is (-1)/d + 1 + 39 a multiple of 19?
False
Let p(b) = b**3 + 10*b**2 + 2*b + 11. Let d be p(-10). Let v = d - -15. Suppose v*m - m = 220. Does 15 divide m?
False
Suppose -6*q + 10 = -4*q. Suppose q*i = i + 76. Is 4 a factor of i?
False
Let c(y) = -y - 4. Let k be c(-10). Let m(l) = l**3 - 6*l**2 + 2*l - 7. Let h be m(k). Is (-7)/((10/(-8))/h) a multiple of 10?
False
Suppose 0 = 21*m - 10*m - 418. Is m a multiple of 5?
False
Suppose 25*n + 300 = 29*n. Does 10 divide n?
False
Let v be 152/(-36) + 6/27. Let h be ((-35)/(-14))/((-2)/v). Suppose -5 = 5*m, -h*m = -2*n - 12 + 47. Does 12 divide n?
False
Suppose -4*m - 5*p + 341 = 0, 0 = 5*m - 0*m + 2*p - 422. Let t = -75 + m. Is t a multiple of 3?
True
Suppose -5*d = -12*d. Suppose 5*p - 5 = d, -2*p - 386 = -4*c - 0*p. Is 20 a factor of c?
False
Does 30 divide (-70983)/(-792) - ((-6)/16 - 0)?
True
Is ((-66)/24 - -3)*188 a multiple of 5?
False
Suppose 0 = 3*o + t - 13 - 7, 5*t - 10 = 0. Let j be (15/o - 2)*14. Suppose 0 = 2*k - 7 - j. Is 6 a factor of k?
False
Let w(z) = -3*z**3 - 8*z**2 - 2*z + 6. Does 21 divide w(-6)?
True
Let c(m) = m + 11. Let j be c(-11). Suppose 3*z + 4*p - 132 = j, 0*p + 83 = 2*z + p. Suppose 0 = x - 5*x + z. Is 10 a factor of x?
True
Let n be ((-1)/(-2))/((-9)/(-8154)). Let v = n - 243. Is 42 a factor of v?
True
Let a = 552 - -897. Is 21 a factor of a?
True
Suppose -2 - 4 = 3*i. Let d = 2 - i. Is 17 a factor of 1435/28 - 1/d?
True
Suppose s + 168 - 366 = 0. Is 33 a factor of s?
True
Let k = 211 + -185. Let j(c) = 2*c**3 - 3*c**2 + 3*c + 1. Let t be j(3). Suppose 3*u - t = k. Is 12 a factor of u?
False
Suppose 3*s = -3*o + 99, 3*o + s = 3*s + 119. Let g = -29 + o. Does 3 divide g?
False
Is 21 a factor of (-114)/(-95) - (-2029)/5?
False
Suppose 3*j = 2*y + 863, 0 = 5*j + 18*y - 16*y - 1465. Is j a multiple of 6?
False
Let f(g) = 14*g**2 + 6*g + 2. Let o be f(-5). Let p = -193 + o. Does 26 divide p?
False
Let u(n) = 5*n**2 + 2*n + 1. Let y be u(-1). Let p(k) = -3*k**3 - 4*k**2 - 5*k - 6. Let f be p(-4). Suppose -y*m + 50 = -f. Does 24 divide m?
True
Suppose -2*g + 11*z = 7*z - 830, 846 = 2*g + 4*z. Is 45 a factor of g?
False
Let h(s) = -3*s + 55. Let z be h(17). Suppose 0 = -2*a + 5*n + 537, 3*a + z*n = -0*n + 794. Does 14 divide a?
True
Let k(s) = -2*s**3 - 12*s**2 - 19*s - 13. Let a(g) = g**3 + 6*g**2 + 9*g + 6. Let f(u) = 13*a(u) + 6*k(u). Does 10 divide f(3)?
True
Let b(d) = -d**2 - 1. Let x(o) = 7*o**2 - 3*o + 12. Let z(h) = 6*b(h) + x(h). Let f be z(4). Suppose l + f = 2*l. Is 2 a factor of l?
True
Let g(b) = b**2 + 18*b - 44. Is 4 a factor of g(-24)?
True
Suppose 4*t + 302 = 2*t. Let q = 214 + t. Let p = q + -24. Is p a multiple of 13?
True
Let j = 2206 + -1076. Does 44 divide j?
False
Let g(m) = 2*m**3 - 11*m**2 + 6*m - 127. Is g(15) a multiple of 26?
True
Let a be (-1)/2*(-7 + -3). Suppose a = -x + 8. Is 8 a factor of (104/(-20))/(x/(-15))?
False
Let k = 259 + -245. Does 4 divide k?
False
Is (-35712)/(-16) + (1 - 6) a multiple of 17?
True
Suppose -53350 = 190*y - 212*y. Is 26 a factor of y?
False
Let d(v) = 2*v - 8. Let f be d(4). Suppose -3*k - 15 = -2*p - f*p, -4*p + 9 = k. Is 27 a factor of k*(-4 - 248/12)?
False
Suppose 12*t = 4*y + 7*t - 653, 0 = -5*y + 5*t + 810. Suppose 156*r - y*r = -9. Does 7 divide r?
False
Suppose 0*s = -2*s + 6. Suppose 2*m + s*f = 113, 0 = -f - 0 + 1. Suppose 4*r = m + 281. Is 21 a factor of r?
True
Suppose -5*v + 10 = -10. Suppose -l - 120 = v*l. Let q = l - -49. Does 5 divide q?
True
Let l be (3/(-6))/(1/170). Let f = l - -151. Is 9 a factor of f?
False
Let i = -119 + 206. Is i a multiple of 29?
True
Suppose -4*c - 349 = -5*w + 1732, -1 = -c. Does 17 divide w?
False
Let w = -55 - -55. Is 270/5 - w/(-2) a multiple of 6?
True
Let g(q) = 17*q + 4. Let d(p) = -p**3 - 5*p**2 - 5*p - 2. Let i be d(-4). Does 18 divide g(i)?
False
Let u = 16 + -12. Suppose -d - 4*d = -t + 81, -3*t - 2*d + 192 = 0. Suppose -t + 6 = -u*g. Is g a multiple of 15?
True
Suppose -3*x - 3*g + 6*g + 18 = 0, 20 = 3*x - 5*g. Suppose -244 = -3*t + 2*c, -2*t - 400 = -7*t + x*c. Is 12 a factor of t?
True
Suppose r + 3*r - 4*c = -68, 0 = -4*r + 2*c - 78. Is 8 a factor of -1 + r + 22 + (100 - 0)?
False
Let w be 2*4*(-3)/(-6). Let s(n) = 5*n**2 - n + 2. Let z be s(w). Is 9 a factor of z/9 + 1/3?
True
Suppose -3314 = -12*w + 4894. Is 6 a factor of w?
True
Let k(q) be the second derivative of -139*q**5/20 + q**4/12 - q**2/2 - 13*q. Is 32 a factor of k(-1)?
False
Let n = 722 - -195. Is 58 a factor of n?
False
Let g = 2 + 3. Suppose -g*c = -150 - 140. Suppose -4*t + c = a - 13, 149 = 2*a + t. Does 25 divide a?
True
Let s(v) = 338*v - 308. Is s(7) a multiple of 14?
True
Suppose -4*d - 3*y + 285 = 13, 5*d + 3*y - 343 = 0. Is d a multiple of 19?
False
Is 15 a factor of 726/4*10/15?
False
Let n be (-10)/5 - (-2 - 0). Suppose 3*k - 4*z = 70, n = -4*k - 4*z + 2*z + 86. Does 4 divide k?
False
Does 21 divide (13 - 21) + (2 - -3) + 627?
False
Suppose -44 = -0*f + 4*f. Let s = -8 + f. Let o = 49 + s. Is 15 a factor of o?
True
Suppose 1015*t = 1011*t + 328. Is t a multiple of 4?
False
Let v(c) = c**2 - 3*c - 6. Let z be v(3). Is 12 a factor of (-44 + z*6/9)*-3?
True
Let n(s) = -s**3 - s**2 - s - 1. Let u(r) = 3*r**3 - 3*r**2 + 4*r - 2. Let z(o) = 2*n(o) + u(o). Is z(6) a multiple of 11?
True
Let x(g) = 11*g + 4*g - 2*g**2 - 53 + 6*g**2 - 2*g**2. Is 15 a factor of x(7)?
True
Let x(h) = 8 + h + 0*h - 3*h + 0*h. Let y be x(6). Let u = 32 + y. Does 14 divide u?
True
Suppose s - 2 = 5*r - 8, -5*s = -r - 18. Suppose -4*h + 3*c = -164, 172 = 4*h + c - 2*c. Suppose -s*g + 40 = -h. Is 13 a factor of g?
False
Let v(z) = 3*z**3 - 8*z**2 - 2*z + 8. Let g(s) = 4*s + 4. Let a be g(0). Is v(a) a multiple of 13?
False
Suppose -6 = 3*u, -3*z + 1998 = -3*u - 0*u. Is 4 a factor of z?
True
Let r(h) = 2*h**2 - h + 2. Let t be r(0). Suppose -7*d = -t*d. Suppose d*n - 3*n = -264. Is n a multiple of 21?
False
Is 13 a factor of 6/9 - (-6492)/36?
False
Suppose 1499 = z - 5*s, -30 + 50 = -5*s. Does 68 divide z?
False
Let u(m) = -2*m**3 - 1. Let v be u(-1). Let f be (0 - v) + 3 - -3. Suppose -290 = -5*d + 3*z, -3*d - f*z + 151 = 11. Do